f is divided by 233?
230
What is the remainder when (-2 - -5)*(26440/150)/(44/55) is divided by 219?
4
Let o = -4 - -28. Suppose 56*r - 53*r - 279 = -3*v, 2*v + 178 = 2*r. What is the remainder when r is divided by o?
19
Suppose -3*w = -194 + 23. Suppose 5*d = 3*q + 32, -4*d - 2 = 5*q + 2. Suppose -d*x = 2*n - 74, 24 = 2*x + 3*n - 7. What is the remainder when w is divided by x?
17
Suppose 11*f - 56 = 43. Let d be 3/(18/4 + -3). Suppose d*u = -y - y + 68, 4*y = 4*u - 136. Calculate the remainder when u is divided by f.
7
Suppose 2*p + 1174 = 2*a, -a + 18*p - 21*p + 567 = 0. Calculate the remainder when a is divided by 99.
87
Let r = 1296 + -658. Calculate the remainder when r/(-55)*5/4*-2 is divided by 23.
6
Suppose n - 16 = -1. Suppose 0*m = -5*m - 5*o + 310, 42 = m - 4*o. What is the remainder when m is divided by n?
13
Let s = 202 - 188. Suppose -s*g = 8*g - 902. What is the remainder when g is divided by 6?
5
Suppose 0 = u + 3*v - 6, 7*u - 3*u = -3*v + 51. Let g(n) = -n**2 + 5*n + 3. Let l = 7 + -3. Calculate the remainder when u is divided by g(l).
1
Let s(g) = 1257*g + 16374. Calculate the remainder when s(-13) is divided by 8/(-6)*(-54)/4.
15
Suppose i + 5*d - 182 = 0, -8*i = -6*i - 5*d - 289. Calculate the remainder when 939 is divided by i.
154
Suppose 31*x + 12 = 34*x. Let a be 280 - (-40)/(-16)*x/5. Calculate the remainder when (2 - 1)/((-276)/a - -1) is divided by 35.
34
Let q(g) = -g**3 - 24*g**2 - 109*g. Let u be q(-18). Suppose 0 = -u*y + 44*y - 1872. What is the remainder when y is divided by 48?
24
Let c be -10*(-2)/4*1. Suppose 48 + 2 = c*t. Let n(v) = 2*v - 7. Calculate the remainder when 38 is divided by n(t).
12
Let r(k) = k**3 - 14*k**2 + 14*k + 10. Let q be r(14). Let m = -184 + q. What is the remainder when 481 is divided by m?
19
What is the remainder when 309 is divided by -3 + 6 - -16 - 16?
0
Suppose -2*s - s + r = -17, -s + 14 = -2*r. Suppose 0 = -29*t + 25*t - s*y + 48, -3*y + 14 = t. What is the remainder when 448 is divided by t?
8
Let l(h) = -5*h**2 + 14*h - 10. Let a(r) = -r**2 + 3*r - 2. Let i(x) = -11*a(x) + 2*l(x). Calculate the remainder when 85 is divided by i(6).
5
Suppose 5*c = a + 284, 2*c - a = 16 + 97. Let l be (-664)/10 - (-8)/20. Calculate the remainder when c is divided by -30*(l/15 - -4).
9
Let v(k) = -2*k + 29. Let x be v(12). Suppose -j - 86 = -x*a, j - 8 = -4. What is the remainder when 40 is divided by a?
4
Suppose 21*p + 644 = 14*p. Let m = p + 96. What is the remainder when 20 is divided by m?
0
Let j = 12139 - 12098. What is the remainder when 131 is divided by j?
8
Suppose 0 = 8*v + 3*v + 2255. Let u = -198 - v. Calculate the remainder when 76 is divided by u.
6
Suppose -2 - 13 = -3*z. Suppose z*v + n + 60 = v, -2*v - 30 = 4*n. What is the remainder when 23 is divided by 2 + 27/(-15) + (-72)/v?
3
Suppose 2*z - 3*h - 24 - 15 = 0, 2*z - 2*h - 42 = 0. Suppose 7*o + z = o. What is the remainder when 68 - o/8*8 is divided by 15?
12
Let p(c) = 376*c + 266. What is the remainder when p(3) is divided by 93?
92
Let m(r) = -43*r - 1232. What is the remainder when 306 is divided by m(-30)?
16
Suppose -16*h - 44 = -172. What is the remainder when 16 is divided by 4/h - (-105)/14?
0
Let k(d) be the second derivative of d**5/20 + d**4 - d**3/2 - 21*d**2/2 + 12*d. Calculate the remainder when (-14)/21*234/(-4) is divided by k(-12).
9
Let q(m) = -4*m. Let x be q(3). Let g = -6 - x. Let v(j) = 24*j - 7. What is the remainder when v(g) is divided by 35?
32
Calculate the remainder when 1215 is divided by (-4163)/(-7) - 1056/(-462).
21
Let a = -10 - -19. Calculate the remainder when 225 - 110 - (-2)/((-2)/9) is divided by a.
7
Calculate the remainder when 919 is divided by 107 + ((-9)/33 - (-35)/(-55)*-13).
114
Suppose -8*s = -6462 - 282. What is the remainder when s is divided by 52?
11
Suppose 0 = t - 0*t - 6. Suppose 2*c = t*c + 4*x - 64, 36 = c - 4*x. What is the remainder when 8*(9 - 184/(-32)) is divided by c?
18
Suppose -2*w + 6 = 2*z, 0*z + 5*z - 5*w - 5 = 0. Let p be (-9 - (-4)/(-5 - -6)) + 4. Calculate the remainder when z*(9/3 + p) is divided by 3.
1
Let b = 102 - 69. Let w(f) = -8*f**2 - 105*f - 10. What is the remainder when w(-12) is divided by b?
32
Let n(r) = -r**2 - 26*r + 63. Let m be n(-28). Let k(t) = 5*t**2 + 11*t + 20. Calculate the remainder when k(m) is divided by 23.
20
Let y be (-5)/(128/26 + -5). Suppose r - y = t - 4*t, -5*t + 2*r = -101. What is the remainder when 82 is divided by t?
19
Let d(f) = -258*f - 11. What is the remainder when d(-12) is divided by 21?
19
Let z be ((-112)/(-10))/((-8)/(-340)). Let b = 524 - z. Calculate the remainder when 59 is divided by b.
11
Suppose -h - 2*h = -54. Suppose -2*x + n + h = -0*n, -x + 2*n = -6. Calculate the remainder when -5*x/(-25) - -69 is divided by 24.
23
Let f = -28 - -56. Let w(t) = t**2 - 7*t - 6. What is the remainder when f*(1 - (-9)/6) is divided by w(-3)?
22
Let t(b) = b**3 + 48*b**2 - 10*b + 60. Let p be t(-48). Suppose 14*h + 16*h = p. What is the remainder when 42 is divided by h?
6
Suppose 827 = 3*i - 223. Suppose i = -4*r - 3*r. Let c = -29 - r. What is the remainder when 39 is divided by c?
18
Suppose t - 4*g = 65, -4*g - 194 = -4*t + 18. Calculate the remainder when t is divided by ((-147)/2)/(-3) - 21/(-168)*12.
23
Let t = 27850 + -27073. What is the remainder when t is divided by 345?
87
Suppose 5*k - l = -0*k + 677, -2*k + l + 272 = 0. Suppose -k*r = -131*r - 28. Suppose r*s - 103 = 156. Calculate the remainder when s is divided by 19.
18
Suppose -219*b + 107935 - 63211 = -101130. What is the remainder when b is divided by 34?
20
Let h(y) = -1 + 3 - 13*y - 5 + 11*y. Let i(d) = -d - 4. Let o(l) = -3*h(l) + 2*i(l). Calculate the remainder when 84 is divided by o(7).
26
Let w = 10067 + -10047. What is the remainder when 1*11/2*54 is divided by w?
17
Suppose 4*y = -4*l - 0*l - 12, 5*l + 15 = 4*y. Suppose -18*k + 20*k - 14 = y. What is the remainder when k is divided by (-4)/(-12) + 11/3?
3
Suppose 3*c = 6*c - 6. Suppose -c*l = -5*k + 571, -458 = -k - 3*k + l. Suppose -k*n - 357 = -118*n. What is the remainder when n is divided by 24?
23
Let p = 45 + -40. Suppose -4*w + 17 = 5*q, -2*w + 4*w = -p*q + 11. Suppose 198 = w*c - 0. Calculate the remainder when c is divided by 17.
15
Let q be (-60)/(-14) + 2 + 42/(-147). Suppose -q*d = -2*d + 3*d. What is the remainder when 17 is divided by 2 - d - (4 + -5)?
2
Calculate the remainder when ((-618)/(-4) - 2)*(-4)/(-5) is divided by 0 - (88/(-4))/1.
12
Let o = 430 + -424. Let g = -21 - -12. What is the remainder when (-146)/3*g/o is divided by 20?
13
Let n = 75 + -96. Let z = 85 + n. What is the remainder when z is divided by 33?
31
Let x = 4012 + -4008. Calculate the remainder when 1467 is divided by x.
3
What is the remainder when 765 is divided by ((-3432)/(-20) + 12/30)/2?
77
What is the remainder when 294 is divided by -2 - (7 + 2) - (-508 + 406)?
21
Let j(v) = 2*v**2 + 8*v + 21. Let l be (-32)/(-80) + 54/(-10). Calculate the remainder when 118 is divided by j(l).
25
Let i be (-5)/25 - (-462)/10. Suppose 92 = 2*d - i. Let v(j) = 12*j - 142. What is the remainder when d is divided by v(13)?
13
Let p = -6775 + 7097. What is the remainder when p is divided by 108?
106
Let g = -6 + 10. Let y = 20220 + -20190. Calculate the remainder when 1401/12 - (-1)/g is divided by y.
27
Suppose 0*l = 2*l - 22. Suppose 0 = 3*w + 3*k - 570, 25*w - 4*k = 16*w + 1515. What is the remainder when w is divided by l?
10
Let i = -1548 + 13503. What is the remainder when i is divided by 49?
48
Let k(c) = 30*c**2 - 7*c - 1. Let n be k(-1). Suppose n*y = 24*y + 3720. Calculate the remainder when y is divided by 24.
22
Suppose g = -4*m - 6, -m = -4*m. Let k(q) = q - 14. Calculate the remainder when (-4 + 0)*15/g + -2 is divided by k(18).
0
Suppose -c - 3*n + 29 + 39 = 0, 0 = -n + 8. Calculate the remainder when 570 is divided by c.
42
Let a(q) = -q**3 - 26*q**2 + 2*q + 55. What is the remainder when ((-88)/(-3) - -1) + 206/(-618) is divided by a(-26)?
0
Let a(c) = 1039*c + 5206. Calculate the remainder when 62 is divided by a(-5).
7
Let a = -379 + 283. Let b = -68 - a. Calculate the remainder when 98 is divided by b.
14
Let u(j) = -j**3 + 10*j**2 + 29*j - 155. Let b be u(6). Suppose -f = 4*f + 390. Le